 - (11 - -2) - 16) + 2 + 6
-19
What is the value of -3 + -5 + (-1 - -3) + (6 - -3)?
3
What is the value of 233 + -238 - (-11 - 1)?
7
What is 11 + 15 + (-8 - 7)?
11
What is 33 - 1 - (-17 + (19 - -10))?
20
-2 + (-4 - -2 - 2) + 2 + 15
11
(-2 - 7 - (1 + -22)) + 4
16
What is the value of 9 + 6 + -25 - (-18 + 1)?
7
What is -1 + 4 - (-1349 + 1355)?
-3
What is the value of -13 - (-58 - (-34 + (5 - -12)))?
28
What is (15 - 0) + -3 + (-2 - -1) + 1?
12
3 + -12 - (5 + 4 + -4) - -8
-6
What is the value of (-3 + 3 - (-4 + 8 + -4)) + 2?
2
(0 - -41) + 0 + -10 + -3
28
6 - (2 + 15 + (-19 - -9 - -11))
-12
Evaluate (1 - (-12 + 23 - 2)) + (1 - 0).
-7
What is the value of 14 + (25 + -22 - 36)?
-19
-4 + (7 - 2) - (24 - 42)
19
What is -29 + (16 - 6) + 4?
-15
What is the value of 6 + (19 - (-5 - (13 - 3)))?
40
What is 9 + 26 + -13 - (6 - (0 + 0))?
16
What is 9 + -8 + -8 + 14?
7
(5 + -3 - 2) + 2 + -6
-4
What is the value of -12 - (8 + -3 + -17 + 6) - -4?
-2
What is the value of 2 - (-3 + 11 + 3) - (8 + -14)?
-3
Evaluate 7 + (2 - 7 - (18 + (-46 - -18))).
12
What is -46 - -8 - -19 - -11?
-8
Calculate (3 - -9) + 2 - 3 - (3 - -4).
4
Calculate -24 + (-14 + 18 - -10).
-10
What is 0 - -2 - 1 - (-50 + (84 - 45))?
12
-4 - (-2 + -6) - (-8 - (-2 + 17))
27
Evaluate -2 + -7 - (26 - (-4 + 26)).
-13
-5 + 0 + 16 + (16 - 28) + 3
2
What is the value of 3 - 21 - (-17 + -18)?
17
What is 8 + -17 + (6 - -5)?
2
Evaluate 11 + -1 + 3 + (-51 - -54).
16
What is 10 + -3 + -9 - (47 + -52)?
3
Evaluate 40 + (-100 - -59) + (18 - 1).
16
What is -4 + (13 - 14) - (-1 + 0)?
-4
59 + -65 + -1 + 3 + 2
-2
Evaluate -31 - (10 + (-21 - 2)).
-18
19 + 14 - 2 - 7
24
Calculate -4 + 17 + -5 - (18 + -1).
-9
Evaluate 36 + -36 + (0 - -1 - 12).
-11
What is (-2 - 25) + -2 - (20 + 69 + -94)?
-24
Calculate 6 - -29 - (-7 - -38).
4
5 - (55 + -41 - (-2 - 13))
-24
What is -52 + 87 - (35 - 5)?
5
What is the value of -10 + 4 + 0 + (0 - -1) + 20?
15
195 + -220 + 1 + (-6 - -4)
-26
2 - (3 + 0 - (10 - (-4 + 26)))
-13
Calculate -8 + (-14 - -3) + 14.
-5
What is 53 - ((42 - 20) + 6)?
25
What is the value of -19 + 25 + -4 + -5 + 4?
1
What is the value of 12 + -6 - (2 - -16)?
-12
What is -5 + -3 + -7 + (10 - 2)?
-7
What is 11 - ((181 - 187) + 1 + 41)?
-25
What is the value of (2 + -2 - -3) + 37 + -34 + 2?
8
What is 2 - -5 - (-4 - -4 - -16)?
-9
What is the value of 5 - (5 + -1 + (5 - 6) + 1)?
1
What is 10 + (-4 - (1 - -1)) + -15?
-11
What is the value of (-31 - -3) + (11 - -5) + -8?
-20
Evaluate 22 - ((-2 - (-6 - 5)) + -10).
23
-4 - ((-1 - 0) + (-84 - -81))
0
Calculate 3 + 1 - -27 - (165 - 156).
22
Calculate 13 - (-5 + (17 - 0)).
1
What is (-6 - -3) + 9 + -2 + 13?
17
Calculate -1 + (-18 - (8 + 5 + -21)) + 38.
27
-2345 + 2343 - (-14 + 0 + 0)
12
Calculate -5 - ((8 - 4) + 1 - (1 + -7)).
-16
What is -10 + (27 - 2) - 9?
6
What is (564 - 564) + (1 - -27)?
28
Calculate -12 - (-7 + 5 + -6).
-4
(1 - -15) + (34 - (89 - 50))
11
What is the value of -3 + -72 + 64 + (-2 - -16)?
3
-7 + -25 + 9 + 7
-16
(-15 - (2 + -5 + 3)) + 5
-10
8 + (5 - (-4 + -2 - -5) - 3)
11
-4 + (36 - -2 - 0 - 9) + -1
24
Evaluate (24 - (-7 - -66)) + 8.
-27
What is the value of 9 + (-8 - -2 - (23 - 12))?
-8
What is (-6 - -18) + -11 + -9?
-8
Calculate 19 + (31 - 80) + 19.
-11
What is 19 + (-19 - -6) + -5?
1
Evaluate 0 + -3 + (-6 - (7 + -15)).
-1
Evaluate 4 - (0 - 0) - (-84 + 25 - -55).
8
(8 - (3 + -7)) + -23 + 14
3
(-1 - -2 - -4) + (23 + -1 - 12)
15
What is the value of -30 - (-11 + 7 + -17 + 10)?
-19
What is -1 - 6 - (-7 - 17)?
17
What is 5 + (-23 - 1) + (-4 - -10)?
-13
What is 5 + 8 - (4 - (14 + -7 + 6))?
22
13 + 0 - (9 + (-2 + 1 - 12))
17
(8 - 22) + 10 + (-3 - -1) + -5
-11
-1 - (19 + (-33 - -9))
4
What is the value of (-6 - -11 - 1) + 5?
9
-3 + 1 - (4 + -1 - 1)
-4
What is (-155 - -187) + (-15 - 4)?
13
13 + -21 + 9 + -3 + (1 - 0)
-1
-14 - 15 - -16 - 0
-13
0 - -3 - (-2 - 0) - (-411 + 426)
-10
-4 + (25 + -3 - 10) + -23
-15
What is the value of (-15 - (-6 + -1)) + (1 - 2)?
-9
What is the value of 12 - 1 - (31 + (-25 - (-13 - 25)))?
-33
39 + -35 + (8 + -7 - 13)
-8
What is the value of 2 + -14 - -11 - -14?
13
What is the value of -2 + (19 - (45 + -11))?
-17
Evaluate 10 + (21 - -1) + -47.
-15
What is the value of (4 - 18 - -3) + 6 - (-3 - -1)?
-3
What is the value of (0 - (-22 - 4)) + -11 - -19?
34
What is the value of (-12 - -4 - -2) + 13 + -2 - 0?
5
Calculate 39 + -8 + -10 + -10.
11
What is the value of (44 - 43) + (-4 + 6 - (0 - 3))?
6
What is the value of 10 + 1 - (4 + -2) - (-3 - -24)?
-12
What is the value of 327 + -286 - (23 - 0)?
18
What is the value of (-3 + 10 - (7 - -24) - 3) + 6?
-21
Evaluate (6 - 9) + -6 - (-37 - -15).
13
-4 + 4 + -12 + (5 - 2)
-9
Evaluate (-27 + 50 - 35) + 1 + (0 - 3).
-14
-13 + 3 + -6 + 19 + -13
-10
What is the value of -14 + (-4 - -12 - (1 + 9))?
-16
-7 + (2 + 1 - (1 + (0 - 4)))
-1
Evaluate -8 - (13 - (8 - 0)).
-13
Calculate (-3 - ((1 - 8) + (66 - 64))) + 5.
7
Evaluate (10 - 2) + -2 + -6 + -4.
-4
What is the value of -3 + 7 + -8 + (27 - (3 + -2))?
22
What is (0 - -13) + 41 + -48 - 8 - -2?
0
Evaluate (-41 - -27) + 27 + -2.
11
What is (-53 - -49) + 0 + 0 - (-3 - 7)?
6
Evaluate 1 - (-5 - (5 - 2)) - (6 + -6).
9
Calculate (-7 - (7 - (8 + -2))) + (-5 - 1).
-14
What is the value of 3 + (6 - 25 - -45)?
29
24 + -61 + 38 + -14
-13
Calculate (-2 - -17) + (-59 - -46).
2
(12 - 3) + (2 - 2) + 7 + -4
12
13 + (-14 - (-37 + 15)) + (-2 - 0)
19
What is the value of (-3 - 0 - 0) + -215 + 223?
5
Calculate 17 - (31 - 6) - (-1 + -1).
-6
0 + 13 + -8 + -61 + 29
-27
What is the value of (3 - -1) + (-3 - 2) - -3?
2
What is 17 - (22 + -9 + 25)?
-21
Evaluate 14 + (-6 - 2) + 7 + 9.
22
What is the value of (-8 - (6 - 8)) + 8 + 2?
4
Evaluate (-46 - -29) + -22 + -1 + 15.
-25
Evaluate 2 - (-6 + 3) - (-13 - (-22 + 10)).
6
Evaluate 6 + (0 - (2 - (-3 - -1) - 8)).
10
Calculate (1 - 3) + 7 + 21 + 6 + -20.
12
Calculate -5298 - -5259 - ((-2 - (0 + 0)) + -5).
-32
What is (-4 - (0 + -1)) + -11 + -43 + 48?
-9
Evaluate (-3 + 71 - 13) + -6 + -17.
32
What is the value of -4 + -4 + 5 + 8 + (24 - 17)?
12
What is the value of -1 - ((9 - 18) + -4 + 7)?
5
Calculate -2 + -12 + (-9 - -14).
-9
What is the value of 9 - (2 - (-14 - (-46 - -17)))?
22
(-209 - -229) + -3 + 14 + -2
29
What is the value of -19 - (0 - (3 - (-2 - (-6 + 5))))?
-15
Evaluate 5 + 3 + -11 - (3 - 4).
-2
Evaluate -4 + 0 + (-124 - -105) - -9.
-14
Calculate (5 - 10) + 4 + -9 + 45.
35
-6 - (-20 + (14 - 12 - (-2 + -1)))
9
Evaluate 3 - -1 - 11 - (12 + -63 + 18).
26
Calculate 10 + (-23 - -26) - -8.
21
(4 + 1 + -3 - 9) + 13
6
10 + -46 - (0 + (-8 - 0))
-28
What is the value of 22 - (-22 + 37 + -21)?
28
What is 3 + 0 - (2 + -9 - -14)?
-4
Calculate -13 + (-6 - 0) + -44 + 57.
-6
-12 + (29 - -10) + -12 + -3
12
What is the value of (-42 - -45 - -4) + (-23 - -2)?
-14
Evaluate (-37 - -30) + ((3 - 7) + -2 - -2).
-11
22 - (13 + -10 + 1 - -5)
13
What is (-20 - (-19 - -4)) + (1 - (-1 + -1))?
-2
-19 - (10 + -1 - 42)
14
Calculate 8 + -3 + (14 - 7 - 9 - -7).
10
Calculate 42 - (4 - -11) - -7.
34
What is the value of (2 - (3 - 11)) + 1?
11
Evaluate (-1 - (8 - -2 - 16)) + 11 + -2.
14
12 - 13 - (5 - (5 + 0) - -6)
-7
-7 + -31 + (29 - 11)
-20
Evaluate (35 - 28) + 26 - 37.
-4
Calculate 3 + -11 + 0 + -23 - -9.
-22
17 - (16 - (-7 + (0 - (-8 + -8))))
10
-13 - 4 - 1 - -26
8
Evaluate (12 - (5 - 1)) + (20 - 2).
26
What is the value of (20 + -6 - (31 + -27)) + 11?
21
What is the value of 1 + -2 + 2 + (-31 - -39)?
9
Evaluate 8 - (6 - -15 - 8).
-5
Calculate -3 - 7 - (-4 + 6).
-12
Calculate (-5 - 12) + (-11 - (-20 - -1)).
-9
(3 - (7 - 4) - 16) + 5
-11
What is the value of -4 - (-1 - -4 - (1 - (4 + -7)))?
-3
Calculate (1 - 3) + -13 + (-113 - -154).
26
What is 7 + (-6 - (-2 + 0 + -8) - 2)?
9
5 - (5 + 7 + (10 - 15)) - -10
8
What is the value of -2 + -15 + 8 + 1 + 6?
-2
Calculate 0 + 2 + -7 + (-20 - -28 - 6).
-3
Calculate 3 + -14 + 6 + 0 - (7 - 2).
-10
What is 1 + 2 - (-9 + 11) - -3 - -7?
11
Calculate 37 - (28 - 10) - 14.
5
Calculate -28 + -34 + 67 + (-3 - -14) + -2.
14
(20 - 2 - 15) + -18
-15
Calculate -4 - ((8 - -3) + -4).
-11
What is the value of -1 - ((66 - 38) + -23)?
-6
-8 - (-6 + (14 - 2 - 4) + -8)
-2
-10 - (-30 + (-16 - -19))
17
(13 + 5 - 27) + (1 - -4)
-4
What is the value of (6 - 5) + (1 - 5) + 12 + -4?
5
What is the value of (8 - (-3 - -6) - 3) + -14?
-12
Evaluate (14